206704 = 0. What are the prime factors of p?
67, 617
Let g = -12250 - -15413. List the prime factors of g.
3163
Suppose -23*v - 4266 = -2*x - 21*v, 5*x = -7*v + 10677. List the prime factors of x.
2, 11, 97
Let u = 28 - 20. Let n be (119/(-28))/((-2)/u). Suppose -10*k - 1316 = -n*k. List the prime factors of k.
2, 47
Let c be 4 - 2/(-1)*-1. Let s(v) = c*v + 2*v + 8 - v - v. List the prime factors of s(8).
2, 3
Let z(a) be the third derivative of -a**6/120 - 19*a**5/60 + a**4/4 - 61*a**3/6 - 13*a**2. List the prime factors of z(-21).
5, 139
Suppose 3*u = 4*u - 33. Let c(y) = 12*y - 123. What are the prime factors of c(u)?
3, 7, 13
Let j be 12/8*-3*(-776)/9. Suppose -19*h - j = -23*h. What are the prime factors of h?
97
Let i(l) = 74*l + 34*l - 69 - 53*l. What are the prime factors of i(5)?
2, 103
Suppose -980225 - 793931 = -47*r. List the prime factors of r.
2, 9437
Let m be 6 + -2 - ((-27)/3 - 1). Suppose -q = 13*t - m*t + 490, t - 4*q = 475. What are the prime factors of t?
3, 5, 11
Suppose 100 = 3*t - h + 105, 0 = 2*t - h + 5. Let b = -15 - -39. Suppose -5*o + 18 = y, 0 = -t*y + y + 3*o - b. List the prime factors of y.
3, 11
Suppose 4*q - 7251 = 12969. List the prime factors of q.
3, 5, 337
Let h = 131517 - 85258. What are the prime factors of h?
167, 277
Let t be (-4 - -6) + 3*-121. What are the prime factors of (36 + 0)*t/(-57)?
2, 3, 19
Let r(k) = 593*k**2 - 58*k + 9. What are the prime factors of r(4)?
5, 17, 109
Let z(y) = 4*y**2 + 7*y + 9716. What are the prime factors of z(0)?
2, 7, 347
Let i(o) be the second derivative of -o**4/12 + 4*o**3/3 - 2*o**2 + 529*o. Let w(l) = l + 4. Let a be w(0). What are the prime factors of i(a)?
2, 3
Let d = 102614 - 57133. What are the prime factors of d?
45481
Let n(d) = d**3 + 38*d**2 - 86*d + 27. What are the prime factors of n(-38)?
5, 659
Let u = -30790 - -55943. What are the prime factors of u?
25153
List the prime factors of 308412/21 - ((-440)/77 + 6).
2, 7, 1049
Let g(f) = 2*f**2 - 4*f - 60. Let w be g(-6). Suppose w*c = 14437 - 2521. What are the prime factors of c?
331
Suppose 0 = 3*s - 15, t - 10*s - 37 = -14*s. Suppose -t*v = -18*v + 33. What are the prime factors of v?
3, 11
Suppose 4*z + c = 40641, 3*c + 10676 = z + 519. What are the prime factors of z?
2, 5, 127
Let s(k) = -14*k + 7. Let j be s(-7). Let i = -71 + 77. Suppose -j = r - i*r. List the prime factors of r.
3, 7
Let p(u) = -u**3 - 7*u**2 + 10*u + 20. Let f be p(-8). Suppose -b = 2*z - f, -z + 2 = -0*b + b. Suppose -8 = -z*i - 2. What are the prime factors of i?
3
What are the prime factors of (-45)/(-40 + -5)*(-1 + 26363)/2?
7, 269
Let f(w) = 31*w - 5. Let y be f(12). Suppose -5*g - 52 + y = 0. What are the prime factors of g/2 + (-12)/8?
2, 3, 5
Let l(h) be the second derivative of 313*h**4/12 + h**3/3 - h**2/2 + 67*h. What are the prime factors of l(1)?
2, 157
Suppose -k - 9851 = -3*x, -72*x = -68*x - 3*k - 13138. List the prime factors of x.
7, 67
Let w(t) = -23*t**2 + 18*t**3 + 5 - 19*t**3 + 10*t + 14*t. Let o be w(-24). Suppose -o*u - 282 = -11*u. List the prime factors of u.
47
List the prime factors of ((-2205)/(-168) - 13)/(3/135844)*6.
33961
What are the prime factors of ((-279)/(-6))/(2/(1379 + 17))?
3, 31, 349
Let t(m) be the second derivative of -5*m**3/3 - 9*m**2/2 + 3593*m. Let s be 2 - (0/(-2) + 16). List the prime factors of t(s).
131
List the prime factors of -2068*-1*(-5 + (-92)/(-8)).
2, 11, 13, 47
Suppose -5*k - 54144 = -9*k - j, -2*k = 4*j - 27100. What are the prime factors of k?
2, 67, 101
Let l(n) = -23*n + 19. Let o be l(-7). Let g = -102 + o. What are the prime factors of ((-675)/g - 4/(-26))*-4?
2, 17
Let a(f) = 26*f**3 + 73*f - 988. What are the prime factors of a(10)?
2, 61, 211
Suppose 0 = 255*f - 244*f - 53922. List the prime factors of f.
2, 3, 19, 43
Let j(f) = -2*f**2 - 46*f + 53. Let u be j(-24). Suppose 18*t - 5*h - 5 = 15*t, t + u = -5*h. Suppose -4*d + 8*d - 768 = t. List the prime factors of d.
2, 3
Let a(v) = -v**2 - 31*v - 150. Let t be a(35). List the prime factors of t/(-25) - 12/30.
2, 7
What are the prime factors of (3282/16)/(3/116) - (-3)/(-6)?
7, 11, 103
Suppose 402006 = 70*l + 67406. List the prime factors of l.
2, 5, 239
Suppose 7547 + 17813 = 40*r. Let y = r - 268. What are the prime factors of y?
2, 3, 61
Let a(y) = -16*y**3 - 2*y**2 + 10*y - 1. Let f be a(-3). Suppose 5*g = j - f, -4*j - j = -5*g - 1975. List the prime factors of j.
2, 199
Let k(t) be the first derivative of 10*t**3 + 4*t**2 + 6*t + 4. Let f be k(-2). Let n = f + -52. List the prime factors of n.
2, 29
Let k = -34 + 38. Let j(i) = 61*i + 8. Let c be j(k). Suppose -4*n = -7*n + c. List the prime factors of n.
2, 3, 7
Let b = 511 + -509. Suppose 4*u = -b*s + 1518, 2*u - 2*s - 535 = 221. What are the prime factors of u?
379
Suppose 2*g + 3998 = 5*l, 5*l + 10*g = 9*g + 4016. List the prime factors of l.
2, 401
Let v = 148 + -64. Suppose 0 = g - 2*g + v. List the prime factors of g.
2, 3, 7
Let s(c) be the third derivative of c**6/120 + 3*c**5/10 + 3*c**4/4 + 4*c**3/3 + 36*c**2. What are the prime factors of s(-16)?
2, 29
Let d = -263 - -281. List the prime factors of -339*(8/14)/(d/(-63)).
2, 3, 113
Let o = -253 - -231. What are the prime factors of (0 - 62)*(-23 - o)?
2, 31
Let f(z) = -z**3 + 11*z**2 - 8*z - 17. Let a be f(10). Let y be -15*(4/6 + -1). Suppose 5*o = o - y*d + 89, -a*d = 4*o - 95. What are the prime factors of o?
2, 13
Let k = -2008 - -6912. What are the prime factors of k?
2, 613
Let y(u) = -u**2 - 72*u - 610. List the prime factors of y(-43).
7, 13
Let c(b) = 14*b**2 + 2*b - 3. Let w be c(-8). Let j = w + -575. Suppose -3*q + j = -382. List the prime factors of q.
2, 3, 19
Let j = 110 - 75. Suppose 0 = -5*b + 2*c - j, -c - c - 1 = -b. Let a(v) = -15*v - 16. What are the prime factors of a(b)?
7, 17
Suppose -4*d - d = -n + 30, -4*n + 2*d = -84. Let g(f) = -4*f - f - 9*f - 6 - n*f**2 + f**3 + f. List the prime factors of g(21).
2, 3
Suppose -2240 = -4*j + 2108. Suppose 4*a - j - 61 = 0. What are the prime factors of a?
7, 41
Suppose 4*s = -5*a - 17, -2*a + 6*s - 5*s = -1. List the prime factors of (124/20 + -6)/(a/(-205)).
41
Let c be (1136/(-10) + 4)/(2/20). List the prime factors of 15/((-180)/c)*3.
2, 137
Let g = 65 - 63. Suppose -2*o - 8*x + 183 = -3*x, 0 = g*o - 5*x - 133. Suppose 23 = z - 5*b, 0*b + o = 3*z - 5*b. List the prime factors of z.
2, 7
Suppose 25*c - 22*c = 5007. Suppose -p + 4*p = 3*b - 987, 5*b + 3*p = c. List the prime factors of b.
2, 83
Let c(g) be the third derivative of 5*g**4/12 + 5*g**3/3 + g**2. Suppose 262 = 67*p - 73. List the prime factors of c(p).
2, 3, 5
Suppose -17*v + 26 = -144. Suppose 0 = -2*u + v + 42. List the prime factors of (u + 1)*4/(-24)*-20.
2, 3, 5
Let r be 1/(-4) - (-5 - 1869/(-28)). Let d = r + 67. Suppose 6*m + d*m = 1441. List the prime factors of m.
131
List the prime factors of (1*114/(-9))/(37/(-56721)).
2, 7, 19, 73
Suppose 13*u - 374950 = -12*u. What are the prime factors of u?
2, 7499
Let o = 25 + -11. Let x = o + -11. Suppose -3*n - 3*y = -270, -4*n = -x*y - 200 - 167. List the prime factors of n.
7, 13
Suppose 5*o = -3*g + 1 + 10, -4*o - 4*g = -4. Suppose 5*d + o*q - 215 = 0, -3*d + 3*q + 110 = 8. Suppose 2*b - d = 7. List the prime factors of b.
23
Let m be (-1)/(-2)*(-38 + 0 - -6). Let w be 3 + (-8)/(m/30). Let t = w + 89. What are the prime factors of t?
107
Suppose n + 869 = 12*n. Suppose -5*i - 96 = 4*m - 253, 3*i - n = -2*m. List the prime factors of m.
2, 19
Let g(y) = y**2 - 3*y - 15. Let q be g(6). Suppose -185 - 139 = -q*r. List the prime factors of r.
2, 3
Let p(l) = -2*l**3 + 84*l**2 + l + 57. Let x be p(42). What are the prime factors of (-838)/(-3) - 33/x?
3, 31
What are the prime factors of ((-1027710)/(-4275))/(2/265)?
53, 601
Suppose 4*l = -u + 1, 5*u - 3*l - 49 = -l. Suppose -2823 = -5*h + y, -2*y = 7*h - u*h + 1126. What are the prime factors of h?
5, 113
Let w(u) = -2*u**3 - 195 - 6*u**2 - 218 - 9*u + 389. List the prime factors of w(-6).
2, 3, 41
Let r = -275 - -517. Let v = -204 + r. What are the prime factors of v?
2, 19
Let i(j) = j**3 + 18*j**2 - 20*j - 11. Let y be i(-19). Suppose -26*v = -y*v - 360. What are the prime factors of v?
2, 5
Let i = 217 + -217. Suppose -2*m + 1158 + 498 = i. List the prime fac